factors of 3367.
7, 13, 37
What are the prime factors of 278?
2, 139
What are the prime factors of 33627?
3, 11, 1019
What are the prime factors of 2623?
43, 61
List the prime factors of 1639.
11, 149
What are the prime factors of 36719?
73, 503
List the prime factors of 2744.
2, 7
List the prime factors of 1610.
2, 5, 7, 23
What are the prime factors of 6970?
2, 5, 17, 41
List the prime factors of 390.
2, 3, 5, 13
What are the prime factors of 2189?
11, 199
List the prime factors of 177844.
2, 173, 257
What are the prime factors of 1367?
1367
What are the prime factors of 4553?
29, 157
List the prime factors of 81.
3
List the prime factors of 429.
3, 11, 13
What are the prime factors of 19858?
2, 9929
List the prime factors of 38233.
13, 17, 173
List the prime factors of 6608.
2, 7, 59
List the prime factors of 77.
7, 11
List the prime factors of 90392.
2, 11299
What are the prime factors of 25090?
2, 5, 13, 193
What are the prime factors of 985?
5, 197
List the prime factors of 50485.
5, 23, 439
List the prime factors of 1626.
2, 3, 271
List the prime factors of 29953.
7, 11, 389
What are the prime factors of 905?
5, 181
What are the prime factors of 2456?
2, 307
List the prime factors of 2090.
2, 5, 11, 19
List the prime factors of 2538.
2, 3, 47
What are the prime factors of 17085?
3, 5, 17, 67
What are the prime factors of 5937?
3, 1979
What are the prime factors of 1821?
3, 607
What are the prime factors of 7920?
2, 3, 5, 11
What are the prime factors of 1439?
1439
List the prime factors of 30991.
17, 1823
List the prime factors of 3009.
3, 17, 59
List the prime factors of 1501.
19, 79
List the prime factors of 8791.
59, 149
What are the prime factors of 1476?
2, 3, 41
What are the prime factors of 1629?
3, 181
List the prime factors of 73936.
2, 4621
List the prime factors of 1650.
2, 3, 5, 11
List the prime factors of 1466.
2, 733
List the prime factors of 4068.
2, 3, 113
What are the prime factors of 63941?
43, 1487
What are the prime factors of 3353?
7, 479
List the prime factors of 147725.
5, 19, 311
What are the prime factors of 48671?
7, 17, 409
What are the prime factors of 739?
739
List the prime factors of 1922.
2, 31
List the prime factors of 5869.
5869
What are the prime factors of 15036?
2, 3, 7, 179
List the prime factors of 2778.
2, 3, 463
What are the prime factors of 21303?
3, 263
List the prime factors of 1854.
2, 3, 103
List the prime factors of 104721.
3, 67, 521
What are the prime factors of 1496?
2, 11, 17
List the prime factors of 25829.
23, 1123
List the prime factors of 408.
2, 3, 17
List the prime factors of 6786.
2, 3, 13, 29
What are the prime factors of 118101?
3, 39367
What are the prime factors of 23438?
2, 11719
List the prime factors of 613.
613
What are the prime factors of 2500?
2, 5
What are the prime factors of 41010?
2, 3, 5, 1367
What are the prime factors of 615?
3, 5, 41
List the prime factors of 5090.
2, 5, 509
What are the prime factors of 34?
2, 17
List the prime factors of 2020.
2, 5, 101
What are the prime factors of 1264?
2, 79
List the prime factors of 11582.
2, 5791
What are the prime factors of 19703?
17, 19, 61
What are the prime factors of 117493?
293, 401
What are the prime factors of 12493?
13, 31
What are the prime factors of 222?
2, 3, 37
What are the prime factors of 617?
617
List the prime factors of 196.
2, 7
What are the prime factors of 445?
5, 89
What are the prime factors of 1055?
5, 211
List the prime factors of 4330.
2, 5, 433
List the prime factors of 30376.
2, 3797
What are the prime factors of 9409?
97
What are the prime factors of 3996?
2, 3, 37
List the prime factors of 1569.
3, 523
What are the prime factors of 3790?
2, 5, 379
List the prime factors of 2425.
5, 97
List the prime factors of 20.
2, 5
What are the prime factors of 229?
229
List the prime factors of 3303.
3, 367
What are the prime factors of 601?
601
What are the prime factors of 3139?
43, 73
What are the prime factors of 658?
2, 7, 47
What are the prime factors of 10403?
101, 103
What are the prime factors of 2465?
5, 17, 29
List the prime factors of 1095.
3, 5, 73
What are the prime factors of 629?
17, 37
What are the prime factors of 6729?
3, 2243
List the prime factors of 9392.
2, 587
What are the prime factors of 7317?
3, 271
List the prime factors of 120.
2, 3, 5
What are the prime factors of 473?
11, 43
List the prime factors of 1337.
7, 191
List the prime factors of 691.
691
List the prime factors of 1113.
3, 7, 53
What are the prime factors of 44805?
3, 5, 29, 103
What are the prime factors of 4031?
29, 139
What are the prime factors of 412?
2, 103
What are the prime factors of 101589?
3, 33863
List the prime factors of 12292.
2, 7, 439
What are the prime factors of 18989?
17, 1117
What are the prime factors of 2255?
5, 11, 41
What are the prime factors of 45004?
2, 11251
List the prime factors of 185298.
2, 3, 89, 347
What are the prime factors of 955?
5, 191
List the prime factors of 26897.
13, 2069
List the prime factors of 1175.
5, 47
List the prime factors of 4335.
3, 5, 17
List the prime factors of 541.
541
List the prime factors of 1860.
2, 3, 5, 31
List the prime factors of 9456.
2, 3, 197
What are the prime factors of 58284?
2, 3, 1619
What are the prime factors of 6451?
6451
List the prime factors of 12398.
2, 6199
List the prime factors of 4731.
3, 19, 83
What are the prime factors of 3735?
3, 5, 83
List the prime factors of 2452.
2, 613
List the prime factors of 9565.
5, 1913
What are the prime factors of 804?
2, 3, 67
What are the prime factors of 97624?
2, 12203
List the prime factors of 3816.
2, 3, 53
What are the prime factors of 4606?
2, 7, 47
What are the prime factors of 37057?
37057
What are the prime factors of 6234?
2, 3, 1039
List the prime factors of 7050.
2, 3, 5, 47
What are the prime factors of 841?
29
List the prime factors of 40630.
2, 5, 17, 239
List the prime factors of 7099.
31, 229
What are the prime factors of 10844?
2, 2711
What are the prime factors of 30855?
3, 5, 11, 17
List the prime factors of 797.
797
What are the prime factors of 5964?
2, 3, 7, 71
What are the prime factors of 1112?
2, 139
List the prime factors of 34659.
3, 3851
What are the prime factors of 14770?
2, 5, 7, 211
What are the prime factors of 118238?
2, 59119
What are the prime factors of 84486?
2, 3, 14081
What are the prime factors of 499?
499
What are the prime factors of 20399?
20399
List the prime factors of 38044.
2, 9511
List the prime factors of 8916.
2, 3, 743
List the prime factors of 18154.
2, 29, 313
What are the prime factors of 956?
2, 239
List the prime factors of 3461.
3461
List the prime factors of 669.
3, 223
What are the prime factors of 40185?
3, 5, 19, 47
List the prime factors of 49475.
5, 1979
What are the prime factors of 21138?
2, 3, 13, 271
What are the prime factors of 98926?
2, 49463
List the prime factors of 747.
3, 83
List the prime factors of 4463.
4463
List the prime factors of 9196.
2, 11, 19
List the prime factors of 263.
263
What are the prime factors of 8522?
2, 4261
List the prime factors of 1939.
7, 277
List the prime factors of 41866.
2, 11, 173
List the prime factors of 3402.
2, 3, 7
List the prime factors of 552.
2, 3, 23
List the prime factors of 12583.
12583
List the prime factors of 38294.
2, 41, 467
List the prime factors of 39137.
7, 5591
List the prime factors of 224.
2, 7
What are the prime factors of 4825?
5, 193
What are the prime factors of 1135?
5, 227
What are the prime factors of 37117?
37117
What are the prime factors of 6462?
2, 3, 359
What are the prime factors of 122?
2, 61
List the prime factors of 6466.
2, 53, 61
What are the prime factors of 3786?
2, 3, 631
What are the prime factors of 146490?
2, 3, 5, 19, 257
List the prime factors of 451.
11, 41
What are the prime factors of 1000?
2, 5
What are the prime factors of 46322?
2, 19, 23, 53
What are the prime factors of 379?
379
List the prime factors of 1875.
3, 5
List the prime factors of 827.
827
List the prime factors of 702.
2, 3, 13
What are the prime factors of 2201?
31, 71
List the prime factors of 9831.
3, 29, 113
List the prime factors of 126862.
2, 137, 463
What are the prime factors of 1151?
1151
What are the prime factors of 20964?
2, 3, 1747
List the prime factor